s(r) = -3*r**2 - 2*r + 4. Let u(d) = -2*n(d) + 5*s(d). Suppose -19*q - 54 = -10*q. Calculate u(q).
8
Let q(b) be the second derivative of b**5/20 - b**4 - 2*b**3/3 - 5*b**2 - b - 2229. Determine q(13).
107
Let y(q) = 4*q**2 - 10*q + 13. Let i(w) = -w**2 + 3*w + 2. Let j(p) = -6*i(p) - 2*y(p). Give j(-6).
-122
Let a(h) = -3*h**3 - h**2 - 11*h - 25. Let k(z) = -16*z**3 - 3*z**2 - 59*z - 129. Let q(n) = -11*a(n) + 2*k(n). Calculate q(-5).
2
Let z = 16 - 8. Suppose -a = a - z. Let f(i) = 13*i - 3*i**3 + 2*i**3 - 8*i - 4 + a*i**2. Determine f(5).
-4
Suppose 8 = -2*u + 4*r, 3*r + 6 = -5*u + 25. Suppose u*j + 131 - 113 = 0. Let f(l) = -l**2 - 11*l + 1. Calculate f(j).
19
Let l(h) = -h**3 - 36*h**2 + 245*h - 296. Let t be l(-42). Let b(n) = -8*n - 3. What is b(t)?
13
Let k(f) be the third derivative of -f**6/120 + f**5/5 - f**4/3 - 29*f**3/6 + 1299*f**2. What is k(11)?
4
Let l(p) = -p**3 + 2*p**2. Let a be l(1). Let t(s) be the third derivative of s**6/40 - s**3/6 - 51*s**2. Determine t(a).
2
Suppose -3*r + 5 = 2*v, -5*r + 3*v = v - 19. Let u(m) be the first derivative of -5/3*m**3 + 1/4*m**4 - 18 - r*m**2 + 4*m. Give u(6).
4
Let i(m) be the second derivative of m**4/12 - m**3/6 + 24*m**2 - 13599*m. Calculate i(-11).
180
Let i(p) = p + 3. Let r = -340 + 343. Suppose -v + 10 = v - 2*o, 5*v - r*o - 23 = 0. What is i(v)?
7
Let j(n) = -n + n + 5*n - 12*n**2 + 13*n**2 + 1 - 7. Determine j(-4).
-10
Let o(w) = -70*w - 23. Let k(i) = 2191*i + 714. Let d(p) = 2*k(p) + 63*o(p). Give d(4).
-133
Let u(a) = a**2 - 7*a + 2. Suppose -3*q = q - 24. Let s(o) = 9*o + 4474654 - 4474665 + 0*o**2 - o**2. Let h be s(q). Determine u(h).
2
Let b(h) = -16*h + 190. Let g(r) = -r**2 - r - 66. Let t(j) = b(j) + 3*g(j). What is t(-6)?
-2
Let u be (-2)/(2*4/16) + 9. Let a(l) = -2*l**2 + 4*l + 13. Calculate a(u).
-17
Suppose -3*l = -i - 1553, 5*i + 452 + 75 = l. Let g = l + -510. Let f(j) = j**3 - 6*j**2 - 8*j - 4. Give f(g).
-11
Let h(k) = -k**2 - 20*k - 25. Let z = -336 - -343. Suppose -45 = 2*w - z. What is h(w)?
-6
Let i = 41 + -43. Let z be 8 + 2/i - 4. Suppose 9 - 30 = z*w. Let o(m) = m**3 + 6*m**2 - 6*m - 1. Calculate o(w).
-8
Let i(v) be the second derivative of -v**3/3 - 3*v**2/2 + 7085*v + 1. Let n = -9 + 2. Calculate i(n).
11
Suppose 2*l = 2 - 0. Let m(t) be the second derivative of 1/2*t**3 - 166 + 1/2*t**2 - 2*t. Determine m(l).
4
Let i(f) = 3*f - 3. Suppose 7*s - 3*s - 716 = 4*r, -2*r = -4*s + 718. Let z = s - 175. Determine i(z).
12
Suppose 4*v = 21 + 19. Suppose v + 0 = -2*d. Let a(q) = -14 + 10 - 4*q**2 - 43*q + 3*q**2 + 38*q. Give a(d).
-4
Let w(c) = c**3 - 11*c**2 - 10*c + 10. Let l be w(12). Let q(t) = l + 0*t - 4*t - 20 - 15. Give q(-4).
15
Let w(z) be the second derivative of z**6/120 - z**5/10 + z**4/12 - z**3 - 37*z**2/2 + 34*z. Let x(s) be the first derivative of w(s). Give x(6).
6
Suppose 176 - 35 = 47*i. Let h(p) be the first derivative of 13 - p**3 - i*p - p**2 + 1/4*p**4. What is h(4)?
5
Suppose 5*q = 5, -3*q = 2*v + 11*q - 10*q - 30. Let c(a) = -5*a**3 + 8 + 2*a**3 + 2*a**3 + 12*a + 12*a**2. Give c(v).
-5
Let w = -4 + 0. Let h(k) = -176 + 101 + 77 - 4*k + 5*k. Calculate h(w).
-2
Let n(r) = -r + 3. Let t(h) = h**3 + h**2 + 4*h + 22. Let i be t(0). Suppose -9*c - i = -11*c. Suppose 4*j = -4*b - 4, -2*b - b - c = -j. Give n(j).
1
Suppose -19*g + 1071 = 1014. Let x(z) be the first derivative of -2*z**g + 4*z - 1/4*z**4 + 13 - 5/2*z**2. Calculate x(-5).
4
Let j(m) = -29 - 3 - 44*m + 2*m**3 + 72*m - 36*m + 11*m**2. What is j(-6)?
-20
Suppose -23*t + 65 = -36*t. Let s(p) = -23*p - 5. Let w(a) = -15*a - 5. Let n(v) = t*s(v) + 8*w(v). What is n(-4)?
5
Let m = 258 + -246. Let t(y) = -8*y + 4 - 9 + m*y - 5*y. Determine t(-5).
0
Suppose -4*q + 29 - 35 = -5*n, q = 3*n - 12. Let x(c) = 2*c**2 - 16*c + 12. Determine x(q).
-12
Let c(g) = g**2 - 9*g - 191. Let p be c(19). Let z(q) = -q**3 - q - 2. Give z(p).
0
Let p = -2479 + 3659. Let m = -1187 + p. Let i(j) be the first derivative of j**4/4 + 2*j**3 - 3*j**2 + 1. Give i(m).
-7
Let o(m) = 14*m + 9*m + m**2 + 1 - 36*m + 10*m + 10*m. Give o(-4).
-11
Let r(g) = 5*g + 102. Let q = 13228 + -13247. Give r(q).
7
Let s(k) = 35. Let q(o) = o + 83. Let a(m) = -2*q(m) + 5*s(m). Let w = -2 + 2. Determine a(w).
9
Let k(s) = s**3 + 11*s**2 + 27*s - 1. Let a be k(-7). Suppose 16 = -2*d + 3*v - 2*v, -3*d = 3*v + a. Let b(o) = 5*o - 8. Give b(d).
-38
Let l = -6094 + 6094. Let c(i) = -i**3 + 2*i - 2. Give c(l).
-2
Let n(p) = -2 - p + 3*p + 2*p - 3*p. Let w(r) = 5*r + 118. Let z be w(-22). Suppose 5*l + z*l = 10*l. Calculate n(l).
-2
Let g = -75 - -84. Let h(w) = g + 179*w**2 - 6*w - 178*w**2 + 0*w. Let j be (-87)/(-15) - (-4 - (-57)/15). Determine h(j).
9
Suppose 246*j = 240*j + 12. Let q(z) = -j*z + 1 - 45*z**2 + 34*z**2 + 34*z**2. Suppose -3*k = 3*b + 9, 2*b + 4*k + 0 + 14 = 0. Determine q(b).
22
Let o be (6/5)/(1/(-5)). Suppose -17*h = -11*h - 12. Let f(v) = 6 - 6*v**2 + 0 + 6*v + 7*v**h. Give f(o).
6
Let z(k) be the second derivative of -k**4/12 + 7*k**3/6 - 2*k**2 + 670*k. Determine z(5).
6
Let b(r) = -94*r + 36 + 92*r + 25 - 31 + 15 + r**3. Determine b(0).
45
Let v(p) = 82*p + 8 + 84*p - 162*p. Suppose -9*m = -2*m. Let x be v(m). Let z(u) = -u**3 + 7*u**2 + 7*u + 11. Calculate z(x).
3
Suppose 20*j + 2*j = 100 + 32. Let d(w) be the second derivative of 1/20*w**5 + 0 + w**3 - 7/12*w**4 - 3/2*w**2 - 3*w. What is d(j)?
-3
Let t(d) = -13*d - 6. Let x(v) = 38*v + 19. Let w(q) = 19*t(q) + 6*x(q). Suppose -129*z + 125*z + 8 = -2*a, -2*z - 5*a - 32 = 0. Calculate w(z).
19
Let t(r) = 80*r**2 - 2*r - 4. Let d be t(-1). Let f = 66 - d. Let l(p) = p**2 + 14*p - 1. Calculate l(f).
-25
Let x(o) = 7*o - 23. Let l(m) = 19*m - 64. Let t(w) = -3*l(w) + 8*x(w). Determine t(4).
4
Let v(h) = -h**2 - h - 1. Let j(t) = -68 - 10*t - 4*t + 59 - 4*t**2. Let a(k) = -j(k) + 3*v(k). Determine a(-8).
-18
Let y(v) be the first derivative of v**7/840 + v**6/60 - v**5/120 + v**4/8 + 64*v**3 - 176. Let r(p) be the third derivative of y(p). Determine r(-6).
9
Let d(b) = b**2 - 4*b - 32. Suppose -13 + 72 = 7*s - 11. Give d(s).
28
Let h(f) be the second derivative of -2*f**3/3 + 3*f**2/2 - 2*f - 15. Let x = 230 - 228. Determine h(x).
-5
Let d = 273 - 273. Suppose -3*o + 3*v = -d*v + 15, 0 = -4*o - v - 15. Let x(c) = -c**3 - 3*c**2 + 4*c + 4. Give x(o).
4
Let p(l) = l**2 - 15*l + 61. Let o be (-870)/783 + (-347)/(-45) + (-8)/5. What is p(o)?
11
Let z(n) = n**3 - 10*n**2 + 23*n - 35. Let a be z(3). Let v(j) = 2*j + 72. Determine v(a).
14
Let q(w) = 2*w**2 - 3*w - 1. Let k(b) = -3*b**2 + 2*b. Let c(j) = -3*k(j) - 4*q(j). Let d be (-4 - 1)*(-22)/(1100/(-70)). Determine c(d).
11
Let u(a) = 2*a - 122. Let s(n) = -18. Let l(y) = -8*s(y) + u(y). What is l(-5)?
12
Let c(w) = -2 + w + 0 + w**3 + 1. Let x(p) = 6*p - 234. Let t be x(41). Suppose 16*g = 4 + t. Calculate c(g).
1
Let o(f) = f**2 - 29*f - 4 + 31 + 39 + 35 - 19. Determine o(23).
-56
Let i be -2 - -2*(2 - -1). Suppose 10 = i*w - 2. Let y(v) = 2*v + 13 + 12 + v**3 - 26 + w*v**3. Calculate y(1).
5
Suppose -4*f - 12 = 5*h, -2 = -2*f + 5*h + 22. Let p(a) = -37*a**2 + 1 + 2 + 19*a**2 + 3*a + 17*a**f. Calculate p(4).
-1
Let a(r) = 17*r - 5. Suppose -12 = -2*n - i - 7, -n = -4*i + 11. Determine a(n).
12
Let j(i) be the second derivative of i**3 + 10*i - 7*i + 28*i - 3*i**2 + 5*i**2. Let g(v) = -7*v - 6. Let l(h) = -2*g(h) - 3*j(h). What is l(2)?
-8
Suppose -6*w - 359 + 329 = 0. Let v(z) = -z**3 - 4*z**2 + 11*z + 14. What is v(w)?
-16
Let q(m) = -24*m**2 - 16*m + 17. Suppose 0 = 4*d - 4*c - 24, 3*d - 103*c - 13 = -101*c. Give q(d).
-23
Let c(w) be the third derivative of w**6/120 - 7*w**5/60 + w**4/12 - w**3/6 - 2*w**2. Suppose p + 3*g = -6, 0 = 4*p + 5*g - 30 + 26. Calculate c(p).
-25
Let y(f) = 4323*f - 5. Let n(g) = -5763*g + 4. Let a(q) = 3*n(q) + 4*y(q). Suppose -12 = -3*c - 0*c. Suppose -c*p = -2 - 22. Give a(p).
10
Let m = -7643 - -7661. Let d(j) = j**3 - 18*j**2 - 3*j + 59. Give d(m).
5
Let d(x) = x**3 + x**2 - 16*x - 28. Let f be d(-2). Let w(i) = -i**3 - i**2 - i + 3. What is w(f)?
3
Let x(g) = -g**2 - 168*g + 1581. Let v be x(9). Let f(t) = t**2 + 12*t - 7. Give f(v).
-7
Let a(h) be the second derivative of -h**3/3 + h**2/2 + 4*h. Let n(d) = -2374*d**2 - 16*d + 2375*d**2 - 1 - 2. Let t be n(16). Determine a(t)